{"id":10,"date":"2021-09-30T07:49:41","date_gmt":"2021-09-30T07:49:41","guid":{"rendered":"http:\/\/modernart.funsite.cz\/?page_id=9"},"modified":"2026-01-15T08:27:12","modified_gmt":"2026-01-15T08:27:12","slug":"vystavy","status":"publish","type":"page","link":"https:\/\/www.modernart.cz\/?page_id=10","title":{"rendered":"Uspo\u0159\u00e1dan\u00e9 v\u00fdstavy"},"content":{"rendered":"\n<p>2025- spole\u010dn\u00e1 v\u00fdstava, spolek Lughnasad, kostel &#8222;Na pr\u00e1dle&#8220;, Mal\u00e1 strana, Praha.<\/p>\n\n\n\n<p>2025 &#8211; obrazy, Zbraslavsk\u00fd salon, Praha Zbraslav.<\/p>\n\n\n\n<p>2025 &#8211; obrazy, grafiky,\u00a0M\u011bstsk\u00e1 galerie Beroun, v\u00fdstava k 50.t\u00fdm narozenin\u00e1m.<\/p>\n\n\n\n<p>2025 &#8211; obrazy, Rabasova galerie Rakovn\u00edk, Sdru\u017een\u00ed st\u0159edo\u010desk\u00fdch v\u00fdtvarn\u00edk\u016f.<\/p>\n\n\n\n<p>2024 &#8211; obrazy, grafiky, Ars Diva galerie, Praha 1<\/p>\n\n\n\n<p>2024 &#8211; obrazy, grafiky, Faust\u016fv d\u016fm, Praha 1<\/p>\n\n\n\n<p>2024 &#8211; obrazy, Rabasova galerie Rakovn\u00edk, Sdru\u017een\u00ed st\u0159edo\u010desk\u00fdch v\u00fdtvarn\u00edk\u016f<\/p>\n\n\n\n<p>2023 &#8211; obrazy, T\u00fdnsk\u00e1 liter\u00e1rn\u00ed kav\u00e1rna, Praha 1 <\/p>\n\n\n\n<p>2023 &#8211; obrazy, Rabasova galerie Rakovn\u00edk, Sdru\u017een\u00ed st\u0159edo\u010desk\u00fdch v\u00fdtvarn\u00edk\u016f <\/p>\n\n\n\n<p>2023 &#8211; obrazy, M\u011bstsk\u00e1 galerie Beroun, Salon berounsk\u00fdch v\u00fdtvarn\u00edk\u016f <\/p>\n\n\n\n<p>2023 &#8211; obrazy, Klub \u0160atlava, Praha &#8211; Mal\u00e1 strana <\/p>\n\n\n\n<p>2023 &#8211; obrazy, Holandsk\u00fd d\u016fm Beroun <\/p>\n\n\n\n<p>2022 &#8211; obrazy, Jin\u00e1 k\u00e1va Beroun <\/p>\n\n\n\n<p>2021 \u2013 obrazy, Rabasova galerie Rakovn\u00edk, Sdru\u017een\u00ed st\u0159edo\u010desk\u00fdch v\u00fdtvarn\u00edk\u016f <\/p>\n\n\n\n<p>2021 \u2013 obrazy, Muzeum \u010cesk\u00e9ho krasu, Beroun <\/p>\n\n\n\n<p>2021 \u2013 obrazy, M\u011bstsk\u00e1 galerie Beroun, Salon berounsk\u00fdch v\u00fdtvarn\u00edk\u016f <\/p>\n\n\n\n<p>2020 \u2013 obrazy, Rabasova galerie Rakovn\u00edk, Sdru\u017een\u00ed st\u0159edo\u010desk\u00fdch v\u00fdtvarn\u00edk\u016f <\/p>\n\n\n\n<p>2020 \u2013 obrazy, Mystika malby, M\u011bstsk\u00e1 galerie Beroun <\/p>\n\n\n\n<p>2020 \u2013 obrazy, kresby, Pro radost, Holandsk\u00fd d\u016fm, Beroun <\/p>\n\n\n\n<p>2019 \u2013 obrazy, Salon berounsk\u00fdch v\u00fdtvarn\u00edk\u016f, M\u011bstsk\u00e1 galerie Beroun <\/p>\n\n\n\n<p>2019 \u2013 obrazy, Rabasova galerie Rakovn\u00edk, Sdru\u017een\u00ed st\u0159edo\u010desk\u00fdch v\u00fdtvarn\u00edk\u016f <\/p>\n\n\n\n<p>2019 \u2013 obrazy, Galerie U and\u011bl\u00ed\u010dka, Plze\u0148 <\/p>\n\n\n\n<p>2019 \u2013 obrazy, galerie Azyl, Plze\u0148 <\/p>\n\n\n\n<p>2018 \u2013 obrazy, Rabasova galerie Rakovn\u00edk, Sdru\u017een\u00ed st\u0159edo\u010desk\u00fdch v\u00fdtvarn\u00edk\u016f <\/p>\n\n\n\n<p>2018 \u2013 obrazy, Kladensk\u00fd z\u00e1me\u010dek, KLASAL \u2013 kladensk\u00fd salon, spole\u010dn\u00e1 v\u00fdstava <\/p>\n\n\n\n<p>2017 \u2013 obrazy, Salon berounsk\u00fdch v\u00fdtvarn\u00edk\u016f, M\u011bstsk\u00e1 galerie Beroun <\/p>\n\n\n\n<p>2017 \u2013 obrazy, Malby, Rabasova Galerie, Rakovn\u00edk <\/p>\n\n\n\n<p>2016 \u2013 obrazy, Rabasova galerie Rakovn\u00edk, Sdru\u017een\u00ed st\u0159edo\u010desk\u00fdch v\u00fdtvarn\u00edk\u016f <\/p>\n\n\n\n<p>2015 \u2013 obrazy, Salon berounsk\u00fdch v\u00fdtvarn\u00edk\u016f, M\u011bstsk\u00e1 galerie Beroun <\/p>\n\n\n\n<p>2015 \u2013 obrazy, Rabasova galerie, Rakovn\u00edk, Sdru\u017een\u00ed st\u0159edo\u010desk\u00fdch v\u00fdtvarn\u00edk\u016f <\/p>\n\n\n\n<p>2015 \u2013 obrazy, Druh\u00e1 tv\u00e1\u0159, M\u011bstsk\u00e1 galerie Beroun <\/p>\n\n\n\n<p>2014 \u2013 obrazy, Rabasova galerie, Rakovn\u00edk, Sdru\u017een\u00ed st\u0159edo\u010desk\u00fdch v\u00fdtvarn\u00edk\u016f <\/p>\n\n\n\n<p>2014 \u2013 obrazy, kresby, And\u011bl\u00e9 a d\u00e9moni, Holandsk\u00fd d\u016fm, Beroun <\/p>\n\n\n\n<p>2013 \u2013 obrazy, Salon berounsk\u00fdch v\u00fdtvarn\u00edk\u016f, M\u011bstsk\u00e1 galerie Beroun, (spole\u010dn\u00e1 v\u00fdstava) <\/p>\n\n\n\n<p>2013 &#8211; obrazy, Rabasova galerie, Rakovn\u00edk, Sdru\u017een\u00ed st\u0159edo\u010desk\u00fdch v\u00fdtvarn\u00edk\u016f <\/p>\n\n\n\n<p>2012 \u2013 obrazy, M\u011bstsk\u00e1 galerie Beroun, spole\u010dn\u00e1 v\u00fdstava, J. Fritsch, J. Sko\u0159epov\u00e1 <\/p>\n\n\n\n<p>2011 \u2013 obrazy, Salon berounsk\u00fdch v\u00fdtvarn\u00edk\u016f, M\u011bstsk\u00e1 galerie Beroun, (spole\u010dn\u00e1 v\u00fdstava) <\/p>\n\n\n\n<p>2011 \u2013 obrazy, Colours, kon\u00edrna Muzea \u010cesk\u00e9ho krasu, Beroun <\/p>\n\n\n\n<p>2010 \u2013 obrazy, fotografie, klub Jele\u0148, Beroun <\/p>\n\n\n\n<p>2009 \u2013 obrazy, Salon berounsk\u00fdch v\u00fdtvarn\u00edk\u016f, M\u011bstsk\u00e1 galerie Beroun, (spole\u010dn\u00e1 v\u00fdstava) <\/p>\n\n\n\n<p>2009 \u2013 obrazy, Jin\u00e1 k\u00e1va, Beroun <\/p>\n\n\n\n<p>2008 \u2013 obrazy, Mal\u00e9 Beroun\u00e1le &#8211; M\u011bstsk\u00e1 galerie Beroun (spole\u010dn\u00e1 v\u00fdstava) <\/p>\n\n\n\n<p>2008 \u2013 obrazy, Kladensk\u00fd z\u00e1me\u010dek, KLASAL- kladensk\u00fd salon, (spole\u010dn\u00e1 v\u00fdstava) <\/p>\n\n\n\n<p>2008 \u2013 obrazy \u2013 Galerie U cestovatele \u2013 Praha, Male\u0161ice <\/p>\n\n\n\n<p>2008 \u2013 fotografie, sout\u011b\u017e \u010dasopisu Respekt, 1. m\u00edsto v&nbsp;kole sout\u011b\u017ee <\/p>\n\n\n\n<p>2008 \u2013 film \u2013 T. Pet\u0159\u00ed\u010dek \u2013 mystik a mal\u00ed\u0159, dokument\u00e1rn\u00ed film, festival Klapka, Kladno <\/p>\n\n\n\n<p>2007 \u2013 obrazy, Salon berounsk\u00fdch v\u00fdtvarn\u00edk\u016f, M\u011bstsk\u00e1 galerie Beroun, (spole\u010dn\u00e1 v\u00fdstava) <\/p>\n\n\n\n<p>2007 \u2013 obrazy &#8211; St\u0159edo\u010desk\u00e9 bien\u00e1le \u2013 Galerie P\u0159\u00edbram a Rakovn\u00edk (spole\u010dn\u00e1 v\u00fdstava) <\/p>\n\n\n\n<p>2007 \u2013 obrazy \u2013 M\u011bstsk\u00e1 galerie Beroun (spole\u010dn\u00e1 v\u00fdstava) <\/p>\n\n\n\n<p>2007 \u2013 obrazy \u2013 Galerie U and\u011bl\u00ed\u010dka \u2013 Praha, Nerudova ulice <\/p>\n\n\n\n<p>2007 \u2013 obrazy \u2013 Galerie Azyl \u2013 Plze\u0148 <\/p>\n\n\n\n<p>2006 \u2013 obrazy, Salon berounsk\u00fdch v\u00fdtvarn\u00edk\u016f &#8211; M\u011bstsk\u00e1 galerie Beroun (spole\u010dn\u00e1 v\u00fdstava) <\/p>\n\n\n\n<p>2006 \u2013 obrazy, Mal\u00e9 Beroun\u00e1le &#8211; M\u011bstsk\u00e1 galerie Beroun (spole\u010dn\u00e1 v\u00fdstava) <\/p>\n\n\n\n<p>2006 \u2013 obrazy, fotografie \u2013 Artfestival &#8211; \u010cesk\u00e9 Bud\u011bjovice <\/p>\n\n\n\n<p>2006 \u2013 obrazy &#8211; \u010cajovna U Magick\u00e9 luny \u2013 Beroun <\/p>\n\n\n\n<p>2005 \u2013 obrazy, Mal\u00e9 Beroun\u00e1le \u2013 M\u011bstsk\u00e1 galerie Beroun (spole\u010dn\u00e1 v\u00fdstava) <\/p>\n\n\n\n<p>2005 &#8211; obrazy &#8211; Holandsk\u00fd d\u016fm&nbsp; &#8211; Beroun <\/p>\n\n\n\n<p>2005 \u2013 obrazy \u2013 \u010cajovna U Magick\u00e9 luny \u2013 Beroun <\/p>\n\n\n\n<p>2005 \u2013 obrazy \u2013 \u010cajovna Dharma &#8211; Beroun <\/p>\n\n\n\n<p>2005 \u2013 grafika, Clam-Gallas\u016fv pal\u00e1c, Praha, spole\u010dn\u00e1 v\u00fdstava <\/p>\n\n\n\n<p>2004 \u2013 obrazy, Salon berounsk\u00fdch v\u00fdtvarn\u00edk\u016f \u2013 M\u011bstsk\u00e1 galerie Beroun (spole\u010dn\u00e1 v\u00fdstava) <\/p>\n\n\n\n<p>2004 \u2013 obrazy, Mal\u00e9 Beroun\u00e1le, M\u011bstsk\u00e1 galerie Beroun (spole\u010dn\u00e1 v\u00fdstava) <\/p>\n\n\n\n<p>2004 \u2013 obrazy \u2013 aukce obraz\u016f \u2013 Golf Resort Karl\u0161tejn <\/p>\n\n\n\n<p>2003 \u2013 obrazy, Mal\u00e9 Beroun\u00e1le \u2013 M\u011bstsk\u00e1 galerie Beroun (spole\u010dn\u00e1 v\u00fdstava) <\/p>\n\n\n\n<p>2003 \u2013 obrazy &#8211; kav\u00e1rna WHY NOT?&nbsp;&nbsp; &#8211; Beroun <\/p>\n\n\n\n<p>2002-&nbsp; obrazy &#8211; Holandsk\u00fd d\u016fm&nbsp; &#8211; Beroun <\/p>\n\n\n\n<p>2000-&nbsp; keramika, obrazy, fotografie \u2013 Neustadt an der Waldnaab \u2013 N\u011bmecko <\/p>\n\n\n\n<p>1999 \u2013 keramika \u2013 KD Metropol \u2013 \u010cesk\u00e9 Bud\u011bjovice (spole\u010dn\u00e1 v\u00fdstava) <\/p>\n\n\n\n<p>1998 \u2013 fotografie \u2013 Fotomluvy &#8211; \u010cesk\u00e9 Bud\u011bjovice (spole\u010dn\u00e1 sout\u011b\u017en\u00ed v\u00fdstava, 1. m\u00edsto) <\/p>\n\n\n\n<p>1997 \u2013 keramika &#8211; Kladensk\u00e9 dvorky \u2013 Kladno (spole\u010dn\u00e1 v\u00fdstava)<\/p>\n\n\n\n<p><\/p>\n","protected":false},"excerpt":{"rendered":"<p>2025- spole\u010dn\u00e1 v\u00fdstava, spolek Lughnasad, kostel &#8222;Na pr\u00e1dle&#8220;, Mal\u00e1 strana, Praha. 2025 &#8211; obrazy, Zbraslavsk\u00fd salon, Praha Zbraslav. 2025 &#8211; obrazy, grafiky,\u00a0M\u011bstsk\u00e1 galerie Beroun, v\u00fdstava k 50.t\u00fdm narozenin\u00e1m. 2025 &#8211; obrazy, Rabasova galerie Rakovn\u00edk, Sdru\u017een\u00ed st\u0159edo\u010desk\u00fdch v\u00fdtvarn\u00edk\u016f. 2024 &#8211; obrazy, grafiky, Ars Diva galerie, Praha 1 2024 &#8211; obrazy, grafiky, Faust\u016fv d\u016fm, Praha 1 2024 &hellip; <\/p>\n<p class=\"link-more\"><a href=\"https:\/\/www.modernart.cz\/?page_id=10\" class=\"more-link\">Pokra\u010dovat ve \u010dten\u00ed<span class=\"screen-reader-text\"> &#8222;Uspo\u0159\u00e1dan\u00e9 v\u00fdstavy&#8220;<\/span><\/a><\/p>\n","protected":false},"author":1,"featured_media":0,"parent":0,"menu_order":0,"comment_status":"closed","ping_status":"closed","template":"","meta":{"footnotes":""},"class_list":["post-10","page","type-page","status-publish","hentry"],"_links":{"self":[{"href":"https:\/\/www.modernart.cz\/index.php?rest_route=\/wp\/v2\/pages\/10","targetHints":{"allow":["GET"]}}],"collection":[{"href":"https:\/\/www.modernart.cz\/index.php?rest_route=\/wp\/v2\/pages"}],"about":[{"href":"https:\/\/www.modernart.cz\/index.php?rest_route=\/wp\/v2\/types\/page"}],"author":[{"embeddable":true,"href":"https:\/\/www.modernart.cz\/index.php?rest_route=\/wp\/v2\/users\/1"}],"replies":[{"embeddable":true,"href":"https:\/\/www.modernart.cz\/index.php?rest_route=%2Fwp%2Fv2%2Fcomments&post=10"}],"version-history":[{"count":9,"href":"https:\/\/www.modernart.cz\/index.php?rest_route=\/wp\/v2\/pages\/10\/revisions"}],"predecessor-version":[{"id":120,"href":"https:\/\/www.modernart.cz\/index.php?rest_route=\/wp\/v2\/pages\/10\/revisions\/120"}],"wp:attachment":[{"href":"https:\/\/www.modernart.cz\/index.php?rest_route=%2Fwp%2Fv2%2Fmedia&parent=10"}],"curies":[{"name":"wp","href":"https:\/\/api.w.org\/{rel}","templated":true}]}}

Uspořádané výstavy

<p>2025- společná výstava, spolek Lughnasad, kostel &#8222;Na prádle&#8220;, Malá strana, Praha.</p>



<p>2025 &#8211; obrazy, Zbraslavský salon, Praha Zbraslav.</p>



<p>2025 &#8211; obrazy, grafiky, Městská galerie Beroun, výstava k 50.tým narozeninám.</p>



<p>2025 &#8211; obrazy, Rabasova galerie Rakovník, Sdružení středočeských výtvarníků.</p>



<p>2024 &#8211; obrazy, grafiky, Ars Diva galerie, Praha 1</p>



<p>2024 &#8211; obrazy, grafiky, Faustův dům, Praha 1</p>



<p>2024 &#8211; obrazy, Rabasova galerie Rakovník, Sdružení středočeských výtvarníků</p>



<p>2023 &#8211; obrazy, Týnská literární kavárna, Praha 1 </p>



<p>2023 &#8211; obrazy, Rabasova galerie Rakovník, Sdružení středočeských výtvarníků </p>



<p>2023 &#8211; obrazy, Městská galerie Beroun, Salon berounských výtvarníků </p>



<p>2023 &#8211; obrazy, Klub Šatlava, Praha &#8211; Malá strana </p>



<p>2023 &#8211; obrazy, Holandský dům Beroun </p>



<p>2022 &#8211; obrazy, Jiná káva Beroun </p>



<p>2021 – obrazy, Rabasova galerie Rakovník, Sdružení středočeských výtvarníků </p>



<p>2021 – obrazy, Muzeum Českého krasu, Beroun </p>



<p>2021 – obrazy, Městská galerie Beroun, Salon berounských výtvarníků </p>



<p>2020 – obrazy, Rabasova galerie Rakovník, Sdružení středočeských výtvarníků </p>



<p>2020 – obrazy, Mystika malby, Městská galerie Beroun </p>



<p>2020 – obrazy, kresby, Pro radost, Holandský dům, Beroun </p>



<p>2019 – obrazy, Salon berounských výtvarníků, Městská galerie Beroun </p>



<p>2019 – obrazy, Rabasova galerie Rakovník, Sdružení středočeských výtvarníků </p>



<p>2019 – obrazy, Galerie U andělíčka, Plzeň </p>



<p>2019 – obrazy, galerie Azyl, Plzeň </p>



<p>2018 – obrazy, Rabasova galerie Rakovník, Sdružení středočeských výtvarníků </p>



<p>2018 – obrazy, Kladenský zámeček, KLASAL – kladenský salon, společná výstava </p>



<p>2017 – obrazy, Salon berounských výtvarníků, Městská galerie Beroun </p>



<p>2017 – obrazy, Malby, Rabasova Galerie, Rakovník </p>



<p>2016 – obrazy, Rabasova galerie Rakovník, Sdružení středočeských výtvarníků </p>



<p>2015 – obrazy, Salon berounských výtvarníků, Městská galerie Beroun </p>



<p>2015 – obrazy, Rabasova galerie, Rakovník, Sdružení středočeských výtvarníků </p>



<p>2015 – obrazy, Druhá tvář, Městská galerie Beroun </p>



<p>2014 – obrazy, Rabasova galerie, Rakovník, Sdružení středočeských výtvarníků </p>



<p>2014 – obrazy, kresby, Andělé a démoni, Holandský dům, Beroun </p>



<p>2013 – obrazy, Salon berounských výtvarníků, Městská galerie Beroun, (společná výstava) </p>



<p>2013 &#8211; obrazy, Rabasova galerie, Rakovník, Sdružení středočeských výtvarníků </p>



<p>2012 – obrazy, Městská galerie Beroun, společná výstava, J. Fritsch, J. Skořepová </p>



<p>2011 – obrazy, Salon berounských výtvarníků, Městská galerie Beroun, (společná výstava) </p>



<p>2011 – obrazy, Colours, konírna Muzea Českého krasu, Beroun </p>



<p>2010 – obrazy, fotografie, klub Jeleň, Beroun </p>



<p>2009 – obrazy, Salon berounských výtvarníků, Městská galerie Beroun, (společná výstava) </p>



<p>2009 – obrazy, Jiná káva, Beroun </p>



<p>2008 – obrazy, Malé Berounále &#8211; Městská galerie Beroun (společná výstava) </p>



<p>2008 – obrazy, Kladenský zámeček, KLASAL- kladenský salon, (společná výstava) </p>



<p>2008 – obrazy – Galerie U cestovatele – Praha, Malešice </p>



<p>2008 – fotografie, soutěž časopisu Respekt, 1. místo v&nbsp;kole soutěže </p>



<p>2008 – film – T. Petříček – mystik a malíř, dokumentární film, festival Klapka, Kladno </p>



<p>2007 – obrazy, Salon berounských výtvarníků, Městská galerie Beroun, (společná výstava) </p>



<p>2007 – obrazy &#8211; Středočeské bienále – Galerie Příbram a Rakovník (společná výstava) </p>



<p>2007 – obrazy – Městská galerie Beroun (společná výstava) </p>



<p>2007 – obrazy – Galerie U andělíčka – Praha, Nerudova ulice </p>



<p>2007 – obrazy – Galerie Azyl – Plzeň </p>



<p>2006 – obrazy, Salon berounských výtvarníků &#8211; Městská galerie Beroun (společná výstava) </p>



<p>2006 – obrazy, Malé Berounále &#8211; Městská galerie Beroun (společná výstava) </p>



<p>2006 – obrazy, fotografie – Artfestival &#8211; České Budějovice </p>



<p>2006 – obrazy &#8211; Čajovna U Magické luny – Beroun </p>



<p>2005 – obrazy, Malé Berounále – Městská galerie Beroun (společná výstava) </p>



<p>2005 &#8211; obrazy &#8211; Holandský dům&nbsp; &#8211; Beroun </p>



<p>2005 – obrazy – Čajovna U Magické luny – Beroun </p>



<p>2005 – obrazy – Čajovna Dharma &#8211; Beroun </p>



<p>2005 – grafika, Clam-Gallasův palác, Praha, společná výstava </p>



<p>2004 – obrazy, Salon berounských výtvarníků – Městská galerie Beroun (společná výstava) </p>



<p>2004 – obrazy, Malé Berounále, Městská galerie Beroun (společná výstava) </p>



<p>2004 – obrazy – aukce obrazů – Golf Resort Karlštejn </p>



<p>2003 – obrazy, Malé Berounále – Městská galerie Beroun (společná výstava) </p>



<p>2003 – obrazy &#8211; kavárna WHY NOT?&nbsp;&nbsp; &#8211; Beroun </p>



<p>2002-&nbsp; obrazy &#8211; Holandský dům&nbsp; &#8211; Beroun </p>



<p>2000-&nbsp; keramika, obrazy, fotografie – Neustadt an der Waldnaab – Německo </p>



<p>1999 – keramika – KD Metropol – České Budějovice (společná výstava) </p>



<p>1998 – fotografie – Fotomluvy &#8211; České Budějovice (společná soutěžní výstava, 1. místo) </p>



<p>1997 – keramika &#8211; Kladenské dvorky – Kladno (společná výstava)</p>



<p></p>

<p>2025- společná výstava, spolek Lughnasad, kostel &#8222;Na prádle&#8220;, Malá strana, Praha. 2025 &#8211; obrazy, Zbraslavský salon, Praha Zbraslav. 2025 &#8211; obrazy, grafiky, Městská galerie Beroun, výstava k 50.tým narozeninám. 2025 &#8211; obrazy, Rabasova galerie Rakovník, Sdružení středočeských výtvarníků. 2024 &#8211; obrazy, grafiky, Ars Diva galerie, Praha 1 2024 &#8211; obrazy, grafiky, Faustův dům, Praha 1 2024 &hellip; </p>
<p class="link-more"><a href="https://www.modernart.cz/?page_id=10" class="more-link">Pokračovat ve čtení<span class="screen-reader-text"> &#8222;Uspořádané výstavy&#8220;</span></a></p>
